{"id":108,"date":"2026-02-22T18:28:08","date_gmt":"2026-02-22T17:28:08","guid":{"rendered":"https:\/\/kristynkystranecka.zdenekhrdina.cz\/wordpress\/?page_id=108"},"modified":"2026-02-22T20:36:28","modified_gmt":"2026-02-22T19:36:28","slug":"o-nas","status":"publish","type":"page","link":"https:\/\/kristynkystranecka.zdenekhrdina.cz\/wordpress\/o-nas\/","title":{"rendered":"O n\u00e1s"},"content":{"rendered":"\n<p>Jsme parta nad\u0161enc\u016f, kterou videohry velice zaj\u00edmaj\u00ed. Na\u0161\u00edm c\u00edlem je poskytnout novinky z r\u016fzn\u00fdch kout\u016f hern\u00ed komunity a poskytovat recenze na v\u0161elijak\u00e9 hry o r\u016fzn\u00fdch \u017e\u00e1nrech.<\/p>\n\n\n\n<hr class=\"wp-block-separator has-alpha-channel-opacity is-style-wide\"\/>\n\n\n\n<h2 class=\"wp-block-heading\">N\u00e1\u0161 t\u00fdm<\/h2>\n\n\n\n<div class=\"wp-block-columns is-layout-flex wp-container-core-columns-is-layout-28f84493 wp-block-columns-is-layout-flex\">\n<div class=\"wp-block-column is-layout-flow wp-block-column-is-layout-flow\" style=\"flex-basis:33.33%\">\n<figure class=\"wp-block-image size-full\"><img loading=\"lazy\" decoding=\"async\" width=\"624\" height=\"598\" src=\"https:\/\/kristynkystranecka.zdenekhrdina.cz\/wordpress\/wp-content\/uploads\/2026\/02\/cici.jpg\" alt=\"\" class=\"wp-image-207\" srcset=\"https:\/\/kristynkystranecka.zdenekhrdina.cz\/wordpress\/wp-content\/uploads\/2026\/02\/cici.jpg 624w, https:\/\/kristynkystranecka.zdenekhrdina.cz\/wordpress\/wp-content\/uploads\/2026\/02\/cici-300x288.jpg 300w\" sizes=\"auto, (max-width: 624px) 100vw, 624px\" \/><\/figure>\n<\/div>\n\n\n\n<div class=\"wp-block-column is-layout-flow wp-block-column-is-layout-flow\" style=\"flex-basis:66.66%\">\n<h3 class=\"wp-block-heading\">Krist\u00fdna M\u00ed\u0161kov\u00e1<\/h3>\n\n\n\n<p>p\u0159\u00edsp\u011bvky pod p\u0159ezd\u00edvkou <strong>admin<\/strong><\/p>\n<\/div>\n<\/div>\n\n\n\n<div class=\"wp-block-columns is-layout-flex wp-container-core-columns-is-layout-28f84493 wp-block-columns-is-layout-flex\">\n<div class=\"wp-block-column is-layout-flow wp-block-column-is-layout-flow\" style=\"flex-basis:33.33%\">\n<figure class=\"wp-block-image size-full\"><img loading=\"lazy\" decoding=\"async\" width=\"406\" height=\"406\" src=\"https:\/\/kristynkystranecka.zdenekhrdina.cz\/wordpress\/wp-content\/uploads\/2026\/02\/pfp-1.png\" alt=\"Ko\u010di\u010dka - Alexa Helmichov\u00e1\" class=\"wp-image-145\" srcset=\"https:\/\/kristynkystranecka.zdenekhrdina.cz\/wordpress\/wp-content\/uploads\/2026\/02\/pfp-1.png 406w, https:\/\/kristynkystranecka.zdenekhrdina.cz\/wordpress\/wp-content\/uploads\/2026\/02\/pfp-1-300x300.png 300w, https:\/\/kristynkystranecka.zdenekhrdina.cz\/wordpress\/wp-content\/uploads\/2026\/02\/pfp-1-150x150.png 150w\" sizes=\"auto, (max-width: 406px) 100vw, 406px\" \/><\/figure>\n<\/div>\n\n\n\n<div class=\"wp-block-column is-layout-flow wp-block-column-is-layout-flow\" style=\"flex-basis:66.66%\">\n<h3 class=\"wp-block-heading\">Alexa Helmichov\u00e1<\/strong><\/h3>\n\n\n\n<p>p\u0159\u00edsp\u011bvky pod p\u0159ezd\u00edvkou <strong>editor<\/strong><\/p>\n<\/div>\n<\/div>\n\n\n\n<p><\/p>\n","protected":false},"excerpt":{"rendered":"<p>Jsme parta nad\u0161enc\u016f, kterou videohry velice zaj\u00edmaj\u00ed. Na\u0161\u00edm c\u00edlem je poskytnout novinky z r\u016fzn\u00fdch kout\u016f hern\u00ed komunity a<\/p>\n","protected":false},"author":2,"featured_media":0,"parent":0,"menu_order":0,"comment_status":"closed","ping_status":"closed","template":"","meta":{"footnotes":""},"class_list":["post-108","page","type-page","status-publish","hentry"],"jetpack_sharing_enabled":true,"_links":{"self":[{"href":"https:\/\/kristynkystranecka.zdenekhrdina.cz\/wordpress\/wp-json\/wp\/v2\/pages\/108","targetHints":{"allow":["GET"]}}],"collection":[{"href":"https:\/\/kristynkystranecka.zdenekhrdina.cz\/wordpress\/wp-json\/wp\/v2\/pages"}],"about":[{"href":"https:\/\/kristynkystranecka.zdenekhrdina.cz\/wordpress\/wp-json\/wp\/v2\/types\/page"}],"author":[{"embeddable":true,"href":"https:\/\/kristynkystranecka.zdenekhrdina.cz\/wordpress\/wp-json\/wp\/v2\/users\/2"}],"replies":[{"embeddable":true,"href":"https:\/\/kristynkystranecka.zdenekhrdina.cz\/wordpress\/wp-json\/wp\/v2\/comments?post=108"}],"version-history":[{"count":10,"href":"https:\/\/kristynkystranecka.zdenekhrdina.cz\/wordpress\/wp-json\/wp\/v2\/pages\/108\/revisions"}],"predecessor-version":[{"id":208,"href":"https:\/\/kristynkystranecka.zdenekhrdina.cz\/wordpress\/wp-json\/wp\/v2\/pages\/108\/revisions\/208"}],"wp:attachment":[{"href":"https:\/\/kristynkystranecka.zdenekhrdina.cz\/wordpress\/wp-json\/wp\/v2\/media?parent=108"}],"curies":[{"name":"wp","href":"https:\/\/api.w.org\/{rel}","templated":true}]}}